z = 26 + -20. Let w = 3 + -1. Suppose -w*v + z*v = 28. What are the prime factors of v?
7
Let b(x) = -x**2 - 10*x - 7. Suppose -1 = -2*t - 11. Let y be b(t). What are the prime factors of y/4*(-3 + 5)?
3
Let g be (-234)/(-30) + 2/10. Suppose 4*r + g = 4*k, 2*k - 2 = k. Suppose r = 5*w - 37 - 28. List the prime factors of w.
13
Let t = 2 - 1. Suppose -2*g - u + 9 = 0, 0 = u - 0*u - t. What are the prime factors of g?
2
Let h(w) be the second derivative of w**4/12 - 2*w**3/3 + w**2 + 2*w. Let p be h(4). Suppose -n + p = -2. What are the prime factors of n?
2
Suppose 0 = -3*g + 8 - 2. Suppose h - g*h + 13 = 0. What are the prime factors of h?
13
Suppose 4*s - 7 = 3*j, s + 5*j = 6*s - 15. Let b = s + 1. What are the prime factors of (-8)/(0 + b) + 0?
2
Suppose 2*j - 5*x = 72, -2*x = -2*j + 47 + 31. What are the prime factors of j?
41
Let p be (6 - 0 - 1)/1. Let f(i) = i + 5. List the prime factors of f(p).
2, 5
Suppose 4*i + i + 35 = 0. Let p(t) = -t**3 - 8*t**2 - 8*t - 10. Let q be p(i). What are the prime factors of -1*(21/q + 0)?
7
What are the prime factors of 1337/63 + 4/(-18)?
3, 7
Let s be (24/9 - 2)*9. Suppose 3*m = -5*k + 3*k, 0 = 3*m + 4*k + s. What are the prime factors of m?
2
Let j(s) = 5*s - 3. Let m = 27 + -18. List the prime factors of j(m).
2, 3, 7
Let b(j) = j + 7. Let n be b(0). Suppose -2*x - 10 = 0, -4*x + n = -2*o + 55. List the prime factors of o.
2, 7
Suppose 0 = -2*d + 5*d - 5*n - 155, 171 = 3*d + 3*n. Let r = d + -18. What are the prime factors of r?
37
Suppose -118 = -d - p, -5*d + p - 4*p = -586. List the prime factors of d.
2, 29
Let q(s) = 8*s + 27. Let t(i) = 9*i - 39. Let j(l) = -l + 5. Let b(d) = -33*j(d) - 4*t(d). Let p(r) = 11*b(r) + 4*q(r). List the prime factors of p(0).
3
Let l(n) = -n**2 - 5*n + 5. Let u be l(-5). Suppose -3*s = -3*i - u + 20, 0 = 2*i - 5*s - 10. What are the prime factors of i?
5
Let f = -9 + 14. Suppose 3*s - f*w - 55 = 33, -s + 3*w + 36 = 0. Let z = s + -12. List the prime factors of z.
3
Let d(f) = -7 + 0 - 24*f + 6. Let g be d(-1). Suppose -i + 5*z + g = 0, 0 = -5*z - 22 + 7. What are the prime factors of i?
2
Suppose d + 10 = h, -2*h + 7 = -3*d - 13. What are the prime factors of 94/h - (-14)/(-35)?
3
Let a = 81 - 1. List the prime factors of a.
2, 5
Let q(a) be the first derivative of -7/2*a**2 - 8/3*a**3 - 3 + 4*a - 1/4*a**4. List the prime factors of q(-7).
2
Let z = 23 + -10. What are the prime factors of z?
13
Let y(m) be the third derivative of -1/2*m**3 + 0 + 3/8*m**4 - 1/60*m**5 - m**2 + 0*m. What are the prime factors of y(7)?
11
Suppose -3 = -3*g + 3*m, 3*g = 3*m + 2*m + 5. Let s be 8 + 1 - (g - -3). Suppose 4*a + 43 = 3*x, -5*x + s*a + 61 = 2*a. List the prime factors of x.
3
Let j(f) = 3*f - 6. Let x(y) = 2*y - 4. Suppose -40 = -5*b - 4*d, -3*d = -7 - 8. Let l be x(b). List the prime factors of j(l).
2, 3
Let l = -8 + 18. Let q = l - 3. Suppose 3*i - 42 = -2*d, 0 = 3*d + q*i - 3*i - 61. List the prime factors of d.
3, 5
Let o(k) = -4*k - 4*k + 1 + 2*k**2 + 5 - 3*k**2. Let s be o(-8). What are the prime factors of 76/s + 4/(-6)?
2, 3
Suppose 10 = -l - 5*z, -5*l - 5*z - 4 = -54. List the prime factors of l + 1*(1 - 3).
13
Let b(i) = -i**3 - 20*i**2 - 5*i + 22. What are the prime factors of b(-20)?
2, 61
Let l be 81/(4/16*-3). List the prime factors of (-1)/(((-20)/l)/(-5)).
3
Let x = 1 + -1. Suppose x*r - 72 = -4*r. What are the prime factors of r?
2, 3
Suppose 0 = 6*n - 2*n - 2*j - 98, 3*n - 66 = 3*j. Let d = n + -2. Suppose x = -3*v + d, -5*v + 2*x + 51 = -x. List the prime factors of v.
3
Suppose 851 = -11*t + 2578. List the prime factors of t.
157
Let l(d) = d**2 + 2*d - 17. List the prime factors of l(10).
103
Let x(c) be the third derivative of -3*c**4/8 + 11*c**3/6 + 6*c**2. List the prime factors of x(-5).
2, 7
Let s = -99 + 163. List the prime factors of s.
2
Let r(z) = z + 5. Let w be r(0). Suppose -w*d - 4 - 1 = 0. What are the prime factors of (d - 0)/(4/(-28))?
7
Suppose -2*n + 3*q = q - 16, -3*n = 5*q. List the prime factors of n.
5
Suppose -12*g = -8*g - 196. List the prime factors of g.
7
Let n = -25 + 37. Let w = 19 - n. Suppose -6*t - 12 = -w*t. What are the prime factors of t?
2, 3
Suppose 3*t = 2*t + 3. Suppose 6*h + 6 = t*h. List the prime factors of ((-4)/(-6))/(h/(-30)).
2, 5
Suppose -3*q - 3*m = -m + 8, -20 = -q + 5*m. Suppose -31*b + 34*b - 48 = q. What are the prime factors of b?
2
Suppose -6 = 3*i, 13 - 1 = 4*c - 2*i. Suppose c*j - 2 = j - 2*z, 5*j - 10 = -4*z. What are the prime factors of (j/(-5))/((-1)/10)?
2
Let c(u) = -2*u - 2. Let n be c(-4). What are the prime factors of 11 - (n - -3)/3?
2
List the prime factors of 1 + -3 - (-55 + 2).
3, 17
What are the prime factors of (6 + -8 - -1)*(-184)/1?
2, 23
Suppose 6*z - 444 = -6*z. List the prime factors of z.
37
Let m(s) = -s - 7. Let g be m(-10). Let u be g/(-2)*(-4)/(-6). What are the prime factors of 1*(u + 2 + 8)?
3
Let o(c) be the second derivative of c**4/12 + 2*c**2 - 41*c. Let b(t) = -t**3 - 5*t**2 + t + 2. Let a be b(-5). List the prime factors of o(a).
13
Let s(u) = 3*u**2 - 2*u + 2. Let r be s(2). Suppose 5*d = -3*n + 14, -d = -4*n + 24 + r. Suppose 2*f - n = f. List the prime factors of f.
2
Suppose -v + 224 = -5*v. Let z = -39 - v. List the prime factors of z.
17
Suppose 0 = 2*c + h - 3*h - 12, h - 4 = -4*c. Suppose -f + 0 = -c. List the prime factors of (3/f)/((-9)/(-24)).
2
Let s(k) = -k**3 - 15*k**2 - 4*k + 11. List the prime factors of s(-15).
71
Suppose 0 = -11*j + 7*j + 20. Let l(h) = -h + 9. Let k be l(5). Suppose k*d + 3*a + 8 - 71 = 0, -j*a = -4*d + 23. List the prime factors of d.
2, 3
Let d = 24 - -10. List the prime factors of d.
2, 17
Let x = 69 + -24. Let t = x - 24. What are the prime factors of t?
3, 7
Let g = 178 + -105. List the prime factors of g.
73
Let u(l) = 22*l**2 - 5*l + 3. List the prime factors of u(4).
5, 67
Let z(l) = 149*l - 2. What are the prime factors of z(1)?
3, 7
Let n(c) = 5*c**2 + 2*c - 1. Let k = -10 + 14. Let g be n(k). What are the prime factors of g/9 - (-2)/(-3)?
3
Let f be -14*3/(1*6). Let d(g) = g**3 + 8*g**2 + 7*g - 2. Let q be d(f). Let o = 4 + q. List the prime factors of o.
2
Suppose -h + 9 = 22. Let m = h - -22. Suppose -4*f - 35 = -m*f. What are the prime factors of f?
7
Let t = 27 + -2. What are the prime factors of t?
5
Let x(p) = p**2 + p - 5. Let s be x(4). Suppose s = 4*u + 3. Suppose 6 = 5*a + 2*k, -14 + 6 = -a + u*k. What are the prime factors of a?
2
Let u(y) = -y + 2. Let i be u(1). Let a(n) = 10*n + 1. List the prime factors of a(i).
11
Suppose -5*l + 36 = -114. List the prime factors of l.
2, 3, 5
Suppose -87 = -3*p + 150. What are the prime factors of p?
79
Let y(x) = 9*x**2 - 3*x + 25. What are the prime factors of y(-6)?
367
Suppose -5*q = -q + 12. Let p be (24/9)/((-2)/q). Suppose -p*g = g - 95. List the prime factors of g.
19
Let d(o) = -o**3 - 5*o**2 + 7*o + 8. Let g be d(-6). Suppose 13 = a - 13. Suppose -g*j = 4*c - a, c = -c + 10. List the prime factors of j.
3
Let c(n) = 20*n - 36. List the prime factors of c(9).
2, 3
Suppose -4 = -2*j + 2. Suppose j*m = -3*o - o + 67, -2*m + 39 = -3*o. List the prime factors of m.
3, 7
Let j(l) = -77*l + 13. Let z(c) = -39*c + 7. Let q(b) = -6*j(b) + 11*z(b). What are the prime factors of q(1)?
2
Let a = 79 - 27. List the prime factors of a.
2, 13
Let a = 16 - 13. Let t(h) = h**3 - h**2 + 3*h - 3. List the prime factors of t(a).
2, 3
Suppose 0*i + 1 = -2*i - 3*f, 2*f = -6. Suppose 9*j - 4*j - 15 = 0. Suppose -8 = 2*z - 3*o, -j*o + 7*o - 24 = -i*z. List the prime factors of z.
2
Let i(q) be the first derivative of q**7/840 - q**6/360 + 5*q**4/24 - q**3 + 3. Let w(o) be the third derivative of i(o). List the prime factors of w(0).
5
Let n be 2/((-1)/((-27)/(-6))). Let i = -6 - n. List the prime factors of i.
3
Let p = 24 + -29. Let f be (2*-1)/(6/(-45)). Let c = f - p. List the prime factors of c.
2, 5
Let g = 1 - -1. Suppose -4*b = 2*i - 14, 3*i - 7 = -3*b + g. List the prime factors of b.
2
What are the prime factors of 94/5 + (-2)/(-10)?
19
Let y(o) = 6*o**3 - 3*o + 2. List the prime factors of y(2).
2, 11
List the prime factors of 24/(-204) - 1568/(-34).
2, 23
Let t(k) be the first derivative of k**3/3 - 2*k - 1. Let j be t(-2). Suppose -7*d + 3*d = -5*r - 11, j*d - 2*r - 8 =